3, 7, 13, 31, 41, 101
List the prime factors of 220645535.
5, 11, 4011737
List the prime factors of 646895343.
3, 89, 2422829
What are the prime factors of 3028366090?
2, 5, 302836609
What are the prime factors of 102402555?
3, 5, 23, 296819
List the prime factors of 1667381.
107, 15583
List the prime factors of 185330293.
185330293
List the prime factors of 212806796.
2, 61, 872159
List the prime factors of 871954378.
2, 17, 1249, 20533
What are the prime factors of 505684950?
2, 3, 5, 3371233
List the prime factors of 2374719702.
2, 3, 337, 1174441
What are the prime factors of 73014269?
17, 31, 138547
List the prime factors of 72858899.
43, 1694393
List the prime factors of 389612659.
389612659
List the prime factors of 41889429.
3, 4654381
List the prime factors of 82741438.
2, 13, 317, 10039
List the prime factors of 26696159.
7, 19, 200723
List the prime factors of 11043178.
2, 5521589
List the prime factors of 4891614559.
13, 376278043
List the prime factors of 17640390.
2, 3, 5, 17, 34589
What are the prime factors of 48137869?
13, 3702913
List the prime factors of 345896338.
2, 53, 73, 44701
What are the prime factors of 11776674?
2, 3, 7, 13, 21569
List the prime factors of 135873276.
2, 3, 7, 11, 3001
List the prime factors of 856570883.
7, 29, 251, 16811
List the prime factors of 912876650.
2, 5, 7, 2608219
What are the prime factors of 8541714?
2, 3, 263, 5413
List the prime factors of 476769531.
3, 7, 37, 311, 1973
What are the prime factors of 50179676?
2, 71, 109, 1621
What are the prime factors of 69746149?
11, 223, 28433
What are the prime factors of 126525967?
23, 5501129
What are the prime factors of 44991189?
3, 4999021
What are the prime factors of 404212457?
11, 37, 89, 11159
List the prime factors of 103845061.
17, 6108533
What are the prime factors of 3576169076?
2, 23, 41, 41221
List the prime factors of 352737410.
2, 5, 113, 541, 577
List the prime factors of 271144691.
1019, 266089
What are the prime factors of 14117280?
2, 3, 5, 29411
List the prime factors of 1281338732.
2, 17837, 17959
List the prime factors of 2831382649.
61, 46416109
What are the prime factors of 120261242?
2, 60130621
List the prime factors of 1368472750.
2, 5, 37, 337, 439
List the prime factors of 6614459709.
3, 11, 13, 199, 77479
List the prime factors of 356436888.
2, 3, 23, 313, 2063
What are the prime factors of 1423001947?
1423001947
What are the prime factors of 50335624?
2, 113, 55681
What are the prime factors of 1359379999?
7331, 185429
What are the prime factors of 837258733?
61, 67, 204859
List the prime factors of 38260486.
2, 11, 97, 17929
What are the prime factors of 526887753?
3, 7, 179, 140167
What are the prime factors of 191363558?
2, 31, 1277, 2417
List the prime factors of 231194565.
3, 5, 7, 19, 38629
What are the prime factors of 36975274?
2, 7, 131, 20161
What are the prime factors of 3728893718?
2, 11, 29, 107, 54623
List the prime factors of 3855388.
2, 963847
What are the prime factors of 239161745?
5, 31, 97, 15907
What are the prime factors of 104875480?
2, 5, 31, 83, 1019
What are the prime factors of 14938831?
14938831
What are the prime factors of 67217660?
2, 5, 17, 197699
List the prime factors of 336022872.
2, 3, 14000953
What are the prime factors of 374045831?
479, 780889
What are the prime factors of 16265751?
3, 191, 28387
What are the prime factors of 152776795?
5, 379, 80621
List the prime factors of 832205572.
2, 11, 1719433
List the prime factors of 2225980474.
2, 9433, 117989
List the prime factors of 348949197.
3, 47, 824939
What are the prime factors of 2500656434?
2, 1250328217
List the prime factors of 364759103.
364759103
What are the prime factors of 89591605?
5, 691, 25931
What are the prime factors of 636371808?
2, 3, 541, 12253
What are the prime factors of 1895089760?
2, 5, 431, 27481
What are the prime factors of 55613287?
23, 31, 77999
List the prime factors of 1090864954.
2, 439, 727, 1709
List the prime factors of 205447202.
2, 199, 516199
What are the prime factors of 2791336089?
3, 12569, 74027
What are the prime factors of 31282627?
31, 107, 9431
List the prime factors of 751962010.
2, 5, 75196201
What are the prime factors of 2224912116?
2, 3, 7, 26487049
List the prime factors of 5442000227.
5442000227
What are the prime factors of 268584808?
2, 33573101
What are the prime factors of 4175404506?
2, 3, 7, 13, 73, 34919
What are the prime factors of 688569080?
2, 5, 17214227
List the prime factors of 41114387.
443, 92809
What are the prime factors of 481102535?
5, 96220507
What are the prime factors of 1519808967?
3, 47, 503, 2381
What are the prime factors of 56657591?
1117, 50723
What are the prime factors of 473037973?
881, 536933
List the prime factors of 429222591.
3, 7, 29, 78311
List the prime factors of 775086989.
37, 643, 32579
List the prime factors of 23458314.
2, 3, 11, 41, 8669
List the prime factors of 108501645.
3, 5, 7, 1033349
List the prime factors of 669077728.
2, 11, 23, 683
List the prime factors of 127654368.
2, 3, 1329733
What are the prime factors of 87930061?
87930061
What are the prime factors of 80894468?
2, 20223617
What are the prime factors of 50669045?
5, 7, 241, 6007
What are the prime factors of 678896283?
3, 13, 17407597
What are the prime factors of 857278079?
7, 61, 40973
List the prime factors of 19430290.
2, 5, 11, 29, 6091
What are the prime factors of 68094556?
2, 19, 191, 4691
What are the prime factors of 19549713?
3, 6516571
What are the prime factors of 1369154?
2, 41, 59, 283
List the prime factors of 86466409.
31, 2789239
List the prime factors of 56436208.
2, 3527263
What are the prime factors of 128069271?
3, 11, 313, 4133
What are the prime factors of 601672617?
3, 7, 13, 23
List the prime factors of 51825214.
2, 7, 17, 12809
List the prime factors of 13013271.
3, 19, 25367
List the prime factors of 448606033.
448606033
List the prime factors of 5059039272.
2, 3, 7, 30113329
What are the prime factors of 1059336?
2, 3, 14713
What are the prime factors of 300062974?
2, 150031487
What are the prime factors of 45863220?
2, 3, 5, 13, 4523
List the prime factors of 2736596800.
2, 5, 7, 244339
What are the prime factors of 30653179?
30653179
What are the prime factors of 1152112039?
13, 53, 293, 439
What are the prime factors of 19728069?
3, 6576023
List the prime factors of 476304654.
2, 3, 7, 19, 23, 25951
List the prime factors of 1445761099.
29, 49853831
List the prime factors of 207417466.
2, 31, 43, 77801
List the prime factors of 1683780056.
2, 7, 30067501
List the prime factors of 3031161574.
2, 7, 17, 12735973
List the prime factors of 762159891.
3, 254053297
What are the prime factors of 292316796?
2, 3, 2706637
What are the prime factors of 271813416?
2, 3, 7, 337, 4801
List the prime factors of 316836260.
2, 5, 13, 1218601
List the prime factors of 2922873633.
3, 108254579
List the prime factors of 22968801.
3, 859, 2971
List the prime factors of 212344477.
61, 89, 39113
List the prime factors of 5749695.
3, 5, 7, 18253
What are the prime factors of 1787001396?
2, 3, 43, 3463181
What are the prime factors of 950230647?
3, 1999, 52817
What are the prime factors of 19686404?
2, 4921601
What are the prime factors of 3252643443?
3, 7, 53, 974137
What are the prime factors of 50012214?
2, 3, 7, 79, 15073
List the prime factors of 131803875.
3, 5, 7, 797
What are the prime factors of 4045658461?
13, 2069, 150413
List the prime factors of 1219828161.
3, 23, 653, 27073
What are the prime factors of 9401053?
9401053
What are the prime factors of 107667252?
2, 3, 7, 11, 107
List the prime factors of 648474328.
2, 23, 3524317
List the prime factors of 18773533.
18773533
List the prime factors of 1603712522.
2, 31, 281, 92051
List the prime factors of 2197108944.
2, 3, 131, 116471
List the prime factors of 132850835.
5, 13, 17, 109, 1103
List the prime factors of 252727302.
2, 3, 42121217
What are the prime factors of 198174443?
41, 4833523
What are the prime factors of 1095725828?
2, 43, 83, 76753
List the prime factors of 34776455.
5, 7, 283, 3511
List the prime factors of 425841628.
2, 106460407
List the prime factors of 41718741.
3, 227, 61261
List the prime factors of 71403447.
3, 31, 283, 2713
List the prime factors of 336660166